4, -b - c = -39. What is the greatest common divisor of b and 16?
4
Let b(i) = i**3 - 8*i**2 + 11*i + 17. Let d be b(-5). Let s = 393 + d. What is the greatest common divisor of s and 260?
10
Let m = 652 - 212. Let s = m - 435. Let f(v) = 3*v**3 - 3*v**2 - 3*v. Let n be f(3). What is the highest common factor of s and n?
5
Suppose 10244*w - 10236*w = 2136. Let c(y) = 119*y - 1. Let u be c(3). What is the greatest common divisor of u and w?
89
Let f(p) be the third derivative of 0 - 5/24*p**4 + 0*p + 1/6*p**3 + 8*p**2. Let y be f(-11). Calculate the highest common divisor of y and 8.
8
Let t be (-2 - -2 - 4) + 426*41/82. Calculate the highest common divisor of 2432 and t.
19
Suppose -2*i + 6 = -5*f, 0*i = -4*f + i - 3. Suppose -4*a + 9*a = 0, f = 4*r - 4*a - 20. Calculate the highest common divisor of r and 2.
1
Let i = -1849 + 2646. Let o = i + -397. What is the highest common factor of o and 16?
16
Let i = -10978 - -11164. What is the highest common divisor of 30 and i?
6
Suppose 7*t = 3*t + 4. Let p be (t + -4)/3 + 1. Suppose 200 = 5*o - p*o. Calculate the highest common divisor of 5 and o.
5
Let c = 76 - 27. Suppose 8*l - 1243 = -1187. What is the greatest common divisor of l and c?
7
Let z = 65 - 118. Suppose 8*o + 484 = 116. Let x = o - z. What is the greatest common factor of 70 and x?
7
Let u(c) = 3*c + 188. Let h(i) = 2*i + 95. Let k(p) = -5*h(p) + 2*u(p). Let o be k(-29). What is the greatest common divisor of o and 68?
17
Suppose -435 = -4*j - 5*n, 5*n - 3*n = 2*j - 204. Let c = -6860 - -6870. What is the greatest common factor of c and j?
5
Let s be (-155)/31 - (0 + -24). Suppose 0 = 3*f + 2*o - 20, 4*f - s - 6 = -o. What is the highest common factor of 66 and f?
6
Let o = -855 + 1471. Let y be ((-36)/21)/((-16)/o). Let n = 142 + 23. Calculate the highest common factor of n and y.
33
Let f be (235/10 - 8)/(4/112). What is the highest common divisor of 682 and f?
62
Let k(g) = g**2 - 3*g - 112. Let w be k(-14). Suppose 936 = 7*h + h. Let o = w - h. Calculate the greatest common factor of o and 18.
9
Suppose 3*t = 2*y - 14, -2*t + 2*y - 1 = 9. Let j be 2*9/t*-6. Suppose 0 = h + d - j, -4*h + 4*d + 90 = -58. What is the highest common divisor of h and 4?
4
Let w = -1250 + 718. Let x = 1426 + w. Let m be 4/(-6) + (x/18 - 1). Calculate the greatest common divisor of m and 60.
12
Let a(p) = -170*p - 1344. Let c be a(-8). Let n = 6 + 34. What is the greatest common divisor of c and n?
8
Suppose 2*f = 3*b - 59, -64 = b - 4*b + f. Let c be ((-27)/12)/((-2)/16). Let p be 2250/14 + c/63. What is the greatest common factor of b and p?
23
Let m = 6088 - -3418. Calculate the greatest common factor of 98 and m.
98
Let z be ((19 - 10) + 94/(-6))*-9300. What is the highest common factor of 125 and z?
125
Suppose 51*m - 46*m = 35. Suppose -3*q - 3*s + 39 = 0, -6*q - 38 = -m*q + 4*s. Calculate the highest common divisor of 162 and q.
18
Let f(x) = 6*x**2 + 25*x + 25. Let p be f(-9). Let w = 361 - 335. Calculate the highest common factor of p and w.
26
Let n be 444/4 + 38 + (-6 - 43). Let h be 2/(-4) - 153/(-6). What is the greatest common divisor of n and h?
25
Let f(a) = 2*a**2 + 6*a - 6. Let m be f(-6). Suppose 2*y - 10 = m. Let s = 34 - -6. What is the highest common divisor of y and s?
20
Let t = -1707 - -2115. What is the highest common divisor of t and 340?
68
Suppose -279*p = -f - 275*p + 151, 0 = 5*f - 3*p - 823. What is the highest common factor of 17869 and f?
167
Suppose 6*f - 5*f + u - 6 = 0, -u = -f - 2. Suppose -f*n + n = -108. Suppose 0*z = -6*z + n. Calculate the greatest common divisor of 90 and z.
18
Let b be -2 - 5/(-20) - (-16377)/12. Calculate the greatest common factor of 47 and b.
47
Let a be 160/4 - (-2)/1. Let z = -41 + 75. Suppose 146 = 8*n + z. Calculate the greatest common factor of n and a.
14
Suppose -o - 12 = -5*o. Suppose 36 = o*r - 6. Let q be 376/9 - ((-64)/(-36) - 2). What is the highest common divisor of q and r?
14
Suppose -10 = -141*o + 136*o. Let u be (-29)/o*6*(-8)/24. Suppose 0 = -34*d + u*d + 70. What is the highest common factor of d and 2?
2
Let i(p) = -p**2 - 22*p - 1. Let u = -72 - -56. Let x be i(u). What is the highest common divisor of x and 38?
19
Let r = 13 + 0. Let t = -112370 - -113059. What is the highest common divisor of r and t?
13
Let j be -13 + (-1020)/(-80) - 426/(-8) - 2. Calculate the highest common factor of j and 442.
17
Let r be (-13172)/(-14) + ((-25)/35)/(-5). Suppose 21*f = 151 + r. Calculate the highest common divisor of f and 676.
52
Let r = 1538 - 1473. Let j = -51 + 116. What is the highest common factor of r and j?
65
Let j = 608 - 279. Suppose 4*z - 1316 = -3*l - l, 0 = l - z - j. What is the greatest common divisor of l and 47?
47
Suppose 1793 + 1797 = 4*i - 5*m, 2*m - 4504 = -5*i. Calculate the highest common factor of 216 and i.
36
Let s = 30 - 12. Suppose -156 = -2*p - 3*i, 2*p + 2*i = -s + 170. Suppose 4*d = 84 - 48. What is the greatest common factor of p and d?
9
Suppose 3*z + 6*i - 4*i = 268, 3*z - 3*i - 258 = 0. Suppose y - 164 = 4*r + r, 4*r = -2*y + 300. Calculate the greatest common divisor of z and y.
22
Let l(p) = -p**3 + 113*p**2 - 11*p + 203. Let s be l(110). What is the highest common factor of s and 29?
29
Let z(n) = -n**2 + 158*n + 125. Let q be z(0). Suppose 4*u + 54 = s - 0*u, -s - 4*u + 46 = 0. Calculate the highest common factor of s and q.
25
Let w be (-6 - (25 - -2))/(3/(-14)). Suppose 12*u - 5*u - w = 0. Let p = -9 + 11. Calculate the highest common factor of u and p.
2
Let u be ((-3)/(-1))/(66/88). Suppose 0*b - u*b - 8 = 0, 4*b = 5*f - 48. What is the highest common factor of 12 and f?
4
Let m = -5 + -4. Let n be (-4)/(-3*3/m). Let a be n/(-22) - (-582)/66. Calculate the greatest common divisor of 9 and a.
9
Suppose -10 - 45 = -c - 4*o, 0 = 5*o + 25. Let m(t) = t**2 + 32*t - 125. Let i be m(5). What is the highest common factor of i and c?
15
Let p(d) = 43*d - 91. Let u be p(12). Let a = 59 + u. Calculate the greatest common divisor of a and 88.
44
Let k(c) = 95*c + 4. Let n be k(4). Suppose -2*p - 118*l + 113*l = -7, 0 = 3*p - l - 19. Calculate the highest common divisor of n and p.
6
Let f = -2802 - -3045. What is the highest common divisor of 1053 and f?
81
Let b = -1930 - -3038. What is the greatest common factor of b and 4?
4
Let h(p) = 2*p**3 - 2*p**2 + 23*p - 61. Let u(o) = 8*o**3 + 5*o**2 - 6*o. Let m be u(1). Let f be h(m). What is the highest common factor of 86 and f?
86
Let d be (2/4 - 6/4)*183. Let o = d + 372. Calculate the highest common divisor of o and 21.
21
Suppose -67135 = -5*x + 44*z - 46*z, 0 = z + 5. Calculate the highest common divisor of 39 and x.
13
Let b(x) = -x + 21. Let s be b(10). Suppose s*t = -32*t + 516. Calculate the highest common factor of t and 27.
3
Suppose -5*o - 2 = 4*v - 42, v = -o + 9. Let c be (-4)/(-10)*(1 + o). What is the highest common divisor of 14 and c?
2
Let i(m) = -4*m**2 - 5*m + 0 + 3*m**2 + 2. Let c be i(-4). Suppose 3*j - c*j + 300 = 0. What is the greatest common divisor of j and 20?
20
Let o(q) = -q**3 - q**2 + 5*q + 4. Let f be o(-4). Let a(c) = -c**3 + 16*c**2 - 31*c + 64. Let l be a(9). Calculate the highest common factor of f and l.
32
Suppose 7*j - 5*j = 8. Suppose 0 = 5*d - 6 - j. Let i(q) = 22*q**3 - q**2 + 1. Let s be i(1). What is the greatest common factor of s and d?
2
Let g(m) = 117*m - 1588. Let r be g(14). What is the highest common factor of 245 and r?
5
Suppose -31*p + 1670 = -562. Let b = 14 - -4. Suppose t + 5*y = 18, -p = -3*t + 3*y - b. What is the greatest common factor of t and 198?
18
Let d = -22 + 42. Let a(t) = t**2 - 20*t + 28. Let r be a(d). Suppose -u = -r - 8. What is the greatest common divisor of u and 396?
36
Let f be 50 + (-11 - -15 - -9). What is the highest common factor of f and 585?
9
Suppose 84*i - 378483 + 103173 = -87*i. Calculate the highest common divisor of 13846 and i.
322
Suppose 0 = 7*y + 23*y + 42*y - 2088. Suppose 0 = -n + 107 - 20. What is the greatest common divisor of y and n?
29
Let y be 3*-2*(-2)/(-3). Let n be 6*y*1/(-6). Suppose -43 = -2*s - 3. What is the highest common divisor of s and n?
4
Let k(x) = -2*x + 14. Let f be k(-6). Let y(p) = p - 22. Let i be y(18). Let d be (-2)/i + 13/f. What is the highest common divisor of 4 and d?
1
